et n(o) be the second derivative of 1/30*o**5 + 0 + 46*o + 0*o**4 + 0*o**3 - 15/2*o**2. Let q(f) be the first derivative of n(f). Calculate q(-1).
2
Let u be 2*(105/(-6) - -4) + 2. Let p(a) = -a**3 - 26*a**2 - 27*a - 21. What is p(u)?
29
Let v(u) = -13*u**2 - 15*u - 7 - 21*u**2 - 20*u**2 - 3*u**2 + 56*u**2. Suppose -4*h + 8 = 2*a - 4*a, -17 = 3*a - 5*h. Calculate v(a).
7
Let h be (-2 - 0)/((-241)/(-964)). Let w(f) = -13*f - 112. Give w(h).
-8
Suppose 2*l + 0 = -10. Let z be 29/(-5)*(-1 + l + 1). Let t = z + -26. Let y(p) = p - 1. Give y(t).
2
Let k(u) be the first derivative of 5*u**2/2 - 53*u - 9558. Determine k(16).
27
Let z(q) = -3*q + 22. Let j(t) = t**3 - 7*t**2 - 11*t + 9. Let n be j(0). What is z(n)?
-5
Suppose 92 = 66*c + 356. Let a(o) = o**3 + 6*o**2 + 8*o. Calculate a(c).
0
Let v(g) = 8*g**3 - g**2 - g. Let f be -3*(24/(-9) - 1). Let q(k) = k**2 - 13*k + 21. Let n be q(f). Determine v(n).
-8
Let l(n) be the first derivative of 3*n - 1/3*n**3 - 2*n**2 + 162. Calculate l(-4).
3
Let l(r) = r**2 - r. Let p(v) = v**3 + 8*v**2 - 7*v - 1. Let h(t) = 4*l(t) - p(t). Let w be 3*(3 + -2) + 418. Let y = 416 - w. What is h(y)?
11
Let o(i) = -i**2 - 5*i - 11. Let a be -4 + (-3)/2*(-7 + 1). Suppose j - 8 = 4*d - 12, 5 = -a*d. Calculate o(j).
-35
Suppose 2*a - 96*j = -94*j - 44, 0 = 3*a - j + 58. Let c(s) = 2*s + 27. What is c(a)?
-9
Let a(s) = -4405*s - 14. Let l(z) = 2033*z + 7. Let b(x) = 6*a(x) + 13*l(x). Suppose 0*q = 2*q - 24. Calculate b(q).
-5
Let n(m) = -75*m**3 - 6*m**2 - m + 1. Let w(a) = 169*a**3 + 12*a**2 + 2*a - 1. Let j(z) = -9*n(z) - 4*w(z). Suppose 0*i + 3*o + 3 = -i, 4*o = i - 18. Give j(i).
1
Suppose -8*r = -2*r - 8*r. Let o(j) = -4 + 6 + 4*j**2 + r*j**2 - 8*j**2. Let w be (1 + -2)/(1/2). Determine o(w).
-14
Let t = -4559 + 4554. Let v(h) = -h**3 - 2*h**2 + 14*h + 11. Determine v(t).
16
Suppose 2*l - 4*p - 6 = -2, -p = 0. Let n(c) = 27*c - 32*c - l - 3 + 2. Let y(f) = -f**2 - f - 1. Let s(o) = -n(o) + y(o). Give s(6).
-10
Let c = 69 + 65. Let p(h) = -4*h**2 + h**3 + 140 + 12*h - c - 9*h**2 - h. What is p(12)?
-6
Let h = 468 + -464. Let d be ((-10)/(-280) - h/14)*-28. Let p(i) = -i**2 + 5*i + 8. What is p(d)?
-6
Let u(q) = -q**3 + 10*q**2 + 17*q - 10. Let l be ((-13)/2 - (-240)/96)/(-1) + 8. What is u(l)?
-94
Let g(y) be the second derivative of y**5/30 + y**4/8 - y**3/3 - 57*y**2 - 76*y - 1. Let c(r) be the first derivative of g(r). What is c(2)?
12
Let r be (6/21)/((-4)/28) + 13/6. Let z(n) be the second derivative of 3/2*n**2 - 9*n - r*n**4 - 1/6*n**3 + 0. Determine z(3).
-18
Let h(w) = w**2 - 6*w - 3. Let i = -5 + 15. Suppose -4*s + i = -s - 2*f, 4*s - 36 = -3*f. Suppose s*u = -j + 2*u + 10, 5*j - 29 = u. Determine h(j).
-3
Suppose 0 = -5*d + 5*r + 1446 - 1351, 31 = 5*d + 3*r. Let v(u) be the third derivative of -25/24*u**4 + 0*u - d*u**2 + 1/6*u**3 + 0. Give v(-1).
26
Let n(t) = -t**3 + 5*t**2 - t + 3. Let b be ((-38)/9 - -4) + 443/9. Let h = 52 - b. Suppose 2*r - 25 = -h*r. Determine n(r).
-2
Let u(r) = 4*r - 25. Let j be u(8). Let f(l) = -3457*l**2 + 3456*l**2 + 5 + j*l + 0. What is f(8)?
-3
Let m be (-2)/(-3) + (-40)/6. Let v(c) be the second derivative of -c**5/20 - c**4/2 - c**3/3 - 3*c**2 - 42861*c. What is v(m)?
6
Suppose -2*t - 11 = -4*x - t, -9 = 3*x + 5*t. Let i(a) = -a + a**2 - 5 + 3 - x. Let m(j) = -32*j - 1885. Let g be m(-59). What is i(g)?
2
Let x(f) = f**2 + 29*f + 53. Let k be x(-27). Let y be (11/33*0)/(k - 0). Let b(a) = a**2 + 3. Determine b(y).
3
Let l be (8/(-16))/((-2)/(-12)). Let z(n) be the second derivative of -n**4/6 - n**3/6 - 2*n**2 + 102*n - 1. What is z(l)?
-19
Let c(l) = l**2 - 10 + 3 - 3*l + 0*l. Let s = 79118 - 79112. Give c(s).
11
Let s(f) = -6*f - 59. Suppose 649*a + 186 = 618*a. Determine s(a).
-23
Let m(q) = q + 9. Let n(x) = 5*x**2 + 0*x**2 + 0*x**2 - x**3 - 3*x + 6 + 0*x**2. Let v be n(4). Suppose -10 - v = 4*a. Calculate m(a).
4
Suppose 32 = -12*b + 20*b, -16 = 3*o - b. Let a(d) = d**3 + 4*d**2 - 6*d - 13. Give a(o).
11
Suppose -40 = -4*j - 4*g, -45*j = -42*j + 4*g - 31. Let w(c) = c**2 - 9*c - 35. Calculate w(j).
-35
Let h(x) = -6 + x**3 - 2*x + 3*x - x**2 - 3. Let v be (-6)/33 + 92/22 + -4. Calculate h(v).
-9
Suppose -2*v - 3*v = -40. Suppose 228 = 22*f + 184. Suppose 5*w + v + f = 0. Let m(u) = 3*u**2 - 2*u - 1. What is m(w)?
15
Let s(o) = -o**2 + 10*o + 2. Let t(i) = -i**3 + 7*i**2 - 104*i - 34. Let j(b) = 26*s(b) + 2*t(b). Give j(-9).
2
Suppose 5*l - 15 = 0, -l - 1 = 2*s - 18. Let d(j) = -j + 12. Determine d(s).
5
Suppose -312*w - 304*w + 631*w = 75. Let a(p) = p**2 - 5*p + 3. Give a(w).
3
Let a(t) = -6*t + 161*t**2 + 5 - 6 + 2 - t**3 + 4 - 171*t**2. Determine a(-6).
-103
Let r be (0 - -2) + -2 + -71 + -4. Let x = r - -78. Let d(n) = -1 + 2 - 6*n + 4*n. What is d(x)?
-5
Let p(l) = -113 + 49 + 22*l + 9*l + 27 - 106. Calculate p(5).
12
Suppose -3*d - x - 168 = 0, -x - 54 = d - 0. Let y be ((-9)/4)/(d/152). Let t(c) = -c + 8. Calculate t(y).
2
Let n(f) be the first derivative of -9*f**2/2 + 3*f + 745. Let b(q) = -q**2 - 11*q + 2. Let t be b(-11). Calculate n(t).
-15
Let i(f) = -4 + 3*f**2 + 6*f - 5 - 2*f**2 + 1. Let x(d) = d**2 + 6*d + 1. Suppose -3 = -j - 5*c, j + 2 = 3*c - 3. Let h be x(j). What is i(h)?
-1
Suppose 0 = m - 41 + 35. Let v(j) = -j + 2. Let r(q) = 7*q - 19. Let k(u) = m*v(u) + r(u). What is k(0)?
-7
Let v(l) = l**2 - 3*l + 1. Suppose -7*q + 12 = -11*q. Let g(s) = -3*s**2 - 3*s + s**2 + 3*s**2. Let p(u) = q*v(u) + 2*g(u). Calculate p(2).
-1
Let w(q) = -4*q. Let y(o) = -2*o - 48. Let l be y(-11). Let r = -34 - l. What is w(r)?
32
Let d = -475 - -514. Let w(z) = 13*z + 3 + d*z**2 - 28*z**2 - 12*z**2. Suppose -5*x + 2*m = 3*m - 69, 2*m = 8. Calculate w(x).
3
Suppose -5*v + 39 = -2*c, 78*c + v - 27 = 80*c. Let y(z) = -z**2 - 15*z - 10. Determine y(c).
26
Let b(n) = n**3 + n - 1. Let x be 1650/(-135) - -13 - 4/(-18). What is b(x)?
1
Let y(t) be the third derivative of t**5/60 + 5*t**4/24 - 10*t**3/3 - 2691*t**2. Determine y(-6).
-14
Let k(u) be the second derivative of 0 + 5/2*u**2 + 5/6*u**3 - 19*u. Let a be k(-1). Let b(x) = -x**3 + x**2 + x - 8. Determine b(a).
-8
Let b(m) = -m**3 + 5*m**2 + 22*m. Let l be b(6). Let r(f) = -l*f + 1 - 99*f - 104*f + 287*f. Let s(t) = -t**3 - t**2 - 1. Let j be s(0). Determine r(j).
13
Let a(b) be the third derivative of -b**8/20160 + b**7/420 + b**6/80 - b**5/12 - 10*b**2 + 5. Let q(m) be the third derivative of a(m). Give q(12).
9
Let k be (-45)/30*((-30)/9 + 2). Let n(l) = -152*l**k - 5 + 153*l**2 + 2 + 9*l - l. What is n(-8)?
-3
Let t(f) = f**2 - 8*f + 34. Let y = 32 + -26. Let j be t(y). Let p(r) = -r**3 - j*r + 2*r + 14*r - 5*r**2. Calculate p(-4).
8
Let g(v) be the first derivative of 5*v**2 + 49*v - 1052. What is g(-5)?
-1
Let u(k) be the third derivative of -k**5/60 - 11*k**4/24 - 5*k**3/3 - 116*k**2. Suppose 0 = -2*j - t - 15, -t + 27 + 12 = -4*j. Calculate u(j).
8
Let t(k) be the third derivative of k**4/3 + 19*k**3/2 + k**2 + 61*k. Let f be t(-6). Let a(u) = -u**3 + 9*u**2 - 6. What is a(f)?
-6
Let h(a) = a**3 - 4*a**2 - 8*a - 24. Let j = 11761 - 11755. Calculate h(j).
0
Let d(g) = -5*g**2 + 4*g + 1. Let t(z) = -30*z**2 + 19*z + 2. Let n(j) = 5*d(j) - t(j). Give n(-1).
7
Suppose 0 = -5*c - 5*n + 20, 5*c + 4*n - 30 = -10. Let g(y) = -5. Let x(t) = -t + 5. Let d(l) = 3*g(l) + 4*x(l). Calculate d(c).
-11
Let o(f) = -32 + 24 + 15 + f - 2*f. Give o(-1).
8
Let w(x) = -20 - 21 - 17 + 107 - 19 - x - 20. Suppose -5*m + 27 = -3. Determine w(m).
4
Let l(m) be the first derivative of -3*m**5/20 + m**4/6 + m**3/3 + m**2 - 264*m + 99. Let o(t) be the first derivative of l(t). Determine o(3).
-55
Let c(p) be the third derivative of p**5/60 + 7*p**4/24 + 2*p**3/3 + 4064*p**2 + 2. Suppose -3*g + g - 5*n = 26, -g + 2 = -5*n. Calculate c(g).
12
Let v be -14 + (20/8 - -12). Let j(n) be the second derivative of 1/3*n**3 - 9*n + 0 + v*n**2. What is j(2)?
5
Let z(y) be the third derivative of -y**6/120 - 13*y**5/60 + y**4/24 + 25*y**3/6 - 3*y**2 + 30. Give z(-13).
12
Let l = 0 + 0. Suppose -5 = 3*b + h - l*h, 4*h = -2*b - 20. Let p(k) be the third derivative of k**5/60 + k**3 + k**2 - 4*k - 142. Calculate p(b).
6
Let r(q) = -2*q**3 - 4*q**2 - 5*q - 1. Let w be r(-1). Let a(n) = -34 - n**w + 10 + 5*n + 9 + 10. What is a(5)?
-5
Let r(p) = -5*p**2 +